 what is 6 + -16c591?
-16c58a
In base 7, what is -35541 - -5?
-35533
In base 7, what is 424300 + -6?
424261
In base 2, what is 101000101101100101 + -11001?
101000101101001100
In base 5, what is 10 - -244210?
244220
In base 4, what is -2201 - 1323320?
-1332121
In base 14, what is 4d + 614?
663
In base 14, what is -37 + -4047?
-4080
In base 6, what is -121501 - 21?
-121522
In base 14, what is -a25 - -10?
-a15
In base 11, what is 14a2 + 7?
14a9
In base 2, what is -1101 - 10110011001000?
-10110011010101
In base 4, what is -10 - -223000103?
223000033
In base 2, what is 10101110101001 + -1001?
10101110100000
In base 8, what is -4 + -2705240?
-2705244
In base 16, what is -13 + 32909?
328f6
In base 7, what is -1645425 - -2?
-1645423
In base 7, what is -430520 + -4?
-430524
In base 11, what is 32767 + 1?
32768
In base 13, what is 0 - -309a?
309a
In base 11, what is -4 - 28a553?
-28a557
In base 12, what is 2b6 + -40?
276
In base 4, what is -11 + -211333223?
-211333300
In base 9, what is 1441 + -8?
1432
In base 10, what is -4818 - -4?
-4814
In base 11, what is 496 + -5?
491
In base 12, what is 3 - -18075?
18078
In base 5, what is -401142 + 110?
-401032
In base 10, what is 289 - -68?
357
In base 14, what is -14b1 - -611?
-ca0
In base 16, what is -44d - 4?
-451
In base 5, what is 2114 + -300333?
-243214
In base 9, what is -115 + -31660?
-31775
In base 6, what is -31521402 + 4?
-31521354
In base 2, what is -100 - -100111100?
100111000
In base 16, what is 57e3 - 14?
57cf
In base 4, what is -10330210 - -3?
-10330201
In base 10, what is -15 + -7328?
-7343
In base 11, what is -17 + -387?
-3a3
In base 11, what is -147230 - -1?
-14722a
In base 5, what is 0 - 10141211?
-10141211
In base 5, what is 3004 - -102042?
110101
In base 16, what is -2ec5e - -4?
-2ec5a
In base 7, what is 514 - 4613?
-4066
In base 6, what is -5 - 133222?
-133231
In base 9, what is 225 - 33301?
-33065
In base 2, what is 1101011111000 + 101001?
1101100100001
In base 9, what is 1351 + 147?
1508
In base 6, what is -233 - -422?
145
In base 11, what is -3 + -5178?
-5180
In base 8, what is -62 - -217?
135
In base 9, what is -3334 + 123?
-3211
In base 16, what is 5 + -4e13d?
-4e138
In base 12, what is 21006 + 5?
2100b
In base 9, what is -107 + -15144?
-15252
In base 3, what is -212200 - -2?
-212121
In base 3, what is -22 - -11002010201?
11002010102
In base 13, what is -3 - -6916?
6913
In base 13, what is 48a - -2a?
4b7
In base 15, what is -9857 + 0?
-9857
In base 11, what is -18a237 - 4?
-18a240
In base 4, what is -1323011022 - -11?
-1323011011
In base 15, what is 1cd943 + 0?
1cd943
In base 8, what is -6424246 - 0?
-6424246
In base 14, what is 50 - -74?
c4
In base 15, what is 27c4b - 3?
27c48
In base 9, what is 4 + 3232101?
3232105
In base 6, what is 22 - 211023?
-211001
In base 15, what is -10a2 + 20?
-1082
In base 9, what is -7 + -3828?
-3836
In base 8, what is -17123 - -3?
-17120
In base 5, what is -200324 - -1122?
-144202
In base 4, what is 0 - 22300221?
-22300221
In base 14, what is -70 + -20d?
-27d
In base 8, what is 10 - 233?
-223
In base 15, what is -6a6e - 4?
-6a73
In base 11, what is -5 - -438607?
438602
In base 14, what is 164d - -11?
1660
In base 16, what is 3b3 - 2b6?
fd
In base 16, what is 3 - -2ee9?
2eec
In base 4, what is 1133 - -1133110?
1200303
In base 12, what is 0 - 199365?
-199365
In base 12, what is 1334a - -2?
13350
In base 2, what is 10101111101 + -10001001?
10011110100
In base 7, what is -3515535 + 5?
-3515530
In base 3, what is -20002120000 + -200?
-20002120200
In base 11, what is 571 + -16?
556
In base 4, what is 332302 - 3222?
323020
In base 5, what is 10 - -2441204?
2441214
In base 12, what is -21a855 - 5?
-21a85a
In base 2, what is 111010100011 + 101?
111010101000
In base 14, what is -2 + 6a0?
69c
In base 8, what is 24266 + 1334?
25622
In base 16, what is 23 - e1?
-be
In base 9, what is -57818 + 4?
-57814
In base 14, what is 83a - -b8?
914
In base 15, what is a4 + -155?
-a1
In base 2, what is -1101001 - -10001000111?
1111011110
In base 15, what is -5 - 48bd?
-48c3
In base 8, what is -26 - -5554?
5526
In base 14, what is 80 + -32?
4c
In base 3, what is -22211110110 + 2?
-22211110101
In base 7, what is 124302 + -25?
124244
In base 8, what is -11070 + -16?
-11106
In base 15, what is -199 - -146?
-53
In base 2, what is -10010011100001110000 + -100?
-10010011100001110100
In base 13, what is 4 + 112a2?
112a6
In base 10, what is -16067 - 1?
-16068
In base 9, what is 4 - -20338?
20343
In base 14, what is a2 - aa?
-8
In base 5, what is 203 - -131434?
132142
In base 13, what is 163 + 364?
4c7
In base 7, what is 101 + -133?
-32
In base 6, what is -420 - 14414?
-15234
In base 11, what is -2278 - -16?
-2262
In base 14, what is 2ba25 - -3?
2ba28
In base 11, what is -643148 + -4?
-643151
In base 9, what is 34861 - -1?
34862
In base 7, what is -14140 + 324?
-13513
In base 16, what is -1f + -228?
-247
In base 3, what is -2222012011 + 1?
-2222012010
In base 6, what is 3204 - 111?
3053
In base 16, what is -3fa - -8?
-3f2
In base 13, what is -37c4b0 + 4?
-37c4a9
In base 15, what is -17 + 52ce?
52b7
In base 9, what is 6 - 1880?
-1873
In base 2, what is -1001101101001100 - -100?
-1001101101001000
In base 11, what is -2482 - 21?
-24a3
In base 8, what is 13 - -1211731?
1211744
In base 15, what is -15 - -85a4?
858e
In base 2, what is -10101 - -1000010001101111?
1000010001011010
In base 11, what is -1 + 10311?
10310
In base 4, what is 20 + -103033?
-103013
In base 16, what is 32 + -1882?
-1850
In base 2, what is -1001111100010110 - -11?
-1001111100010011
In base 5, what is 10 - 434432?
-434422
In base 6, what is 311102 + -1?
311101
In base 11, what is -58 + 1144?
1097
In base 2, what is 101100111 - 1010001?
100010110
In base 3, what is 2 - -1111011012001?
1111011012010
In base 2, what is -110110 - -1010001?
11011
In base 5, what is -12133304 - 0?
-12133304
In base 9, what is 554607 - -3?
554611
In base 5, what is 32311400 - -2?
32311402
In base 13, what is -1 - -3080?
307c
In base 11, what is -76 - -444?
379
In base 12, what is -76bb + 32?
-7689
In base 5, what is -13302 + 202?
-13100
In base 11, what is 3 - -2261?
2264
In base 7, what is -1 + 14214254?
14214253
In base 13, what is 2cc153 + -1?
2cc152
In base 16, what is 385 + -cc?
2b9
In base 12, what is 4 - 8420?
-8418
In base 2, what is 11 - -11101001011010001?
11101001011010100
In base 12, what is -82 + 1ba77?
1b9b5
In base 5, what is -10 + 1213313?
1213303
In base 5, what is 40 - -1321102?
1321142
In base 14, what is -2c25 - 3a?
-2c61
In base 12, what is -9721 - 37?
-9758
In base 8, what is 3725 - -34?
3761
In base 3, what is 11 + 2101222120200?
2101222120211
In base 6, what is 2403 - 4?
2355
In base 8, what is 27444 + -60?
27364
In base 2, what is -100 - 10110010010100001?
-10110010010100101
In base 12, what is -1b6a - 29?
-1b97
In base 14, what is -17 + 362b?
3614
In base 9, what is 3175100 + 4?
3175104
In base 6, what is 13 - 212233?
-212220
In base 3, what is 100101012 - 1010?
100100002
In base 8, what is 37 - -4640?
4677
In base 9, what is 47484 + -3?
47481
In base 16, what is 1d7 - -3f?
216
In base 9, what is -48 - -3204?
3145
In base 4, what is 11 + 1210?
1221
In base 13, what is 20428 + -4?
20424
In base 2, what is -11 + -1111000011000011010?
-1111000011000011101
In base 8, what is -45130 + 11?
-45117
In base 12, what is 1661 + -1?
1660
In base 7, what is -5 + -124652?
-124660
In base 10, what is 77892 + 51?
77943
In base 15, what is 4cd - -9?
4d7
In base 9, what is -5283 - 178?
-5472
In base 14, what is -52 + -286c?
-28c0
In base 16, what is 9 + -1abe2?
-1abd9
In base 16, what is -a5a12 + -3?
-a5a15
In base 6, what is 410 - 34434?
-34024
In base 8, what is -1425 + -63?
-1510
In base 3, what is -12100 + -101020?
-120120
In base 5, what is 224003402 - 2?
224003400
In base 7, what is -23405413 + -2?
-23405415
In base 15, what is 112d - -1e?
114c
In base 8, what is 37115 + -1?
37114
In base 5, what is -13 + -1412114?
-1412132
In base 11, what is -27135 + 4?
-27131
In base 11, what is 293a - -1?
2940
In base 3, what is 21021 - 111000?
-12202
In base 10, what is -55863 - 95?
-55958
In base 15, what is 50d69 + 1?
50d6a
In base 6, what is -40304 + -42?
-40350
In base 10, what is -2 - 3300?
-3302
In base 7, what is 0 - 4515440?
-451544